Suppose 6 = 4*m + 4*v - 6, 3*m + 4*v = 4. What is the greatest common factor of m and z?
4
Suppose -4*q + 3*k = -2584, -2*k = -q + k + 646. Let l be q/4 + (-3)/6. What is the greatest common divisor of 23 and l?
23
Suppose q = -5*w + 151, 4*q - 4*w = -w + 558. Suppose v - j - 2*j = 53, 0 = 3*v - 3*j - q. Calculate the highest common divisor of 22 and v.
22
Let w be (120/(-6))/(-1*1). Let a = w + -12. What is the greatest common divisor of a and 8?
8
Let j = 37 - 36. What is the highest common divisor of 8 and j?
1
Suppose -2*b = -g - 171, 5*b - 426 = -4*g - 18. Calculate the highest common divisor of 24 and b.
12
Suppose -j + 8 = 3*f, 4*f + 3*j = f + 12. Suppose -5*z + k + 27 = 5*k, -f*z = 2*k - 12. Let n = 11 - z. Calculate the highest common divisor of 20 and n.
4
Suppose 0*j - j = -26. Calculate the highest common factor of j and 130.
26
Let o be 39*3/(27/6). What is the highest common factor of o and 26?
26
Suppose 3*c + 2*n - 106 = 0, -3*c - 4*n + 103 = n. Suppose -3*g = -9 - 3. What is the highest common divisor of g and c?
4
Let r = 5 - 2. Suppose k - 28 = -r*k. Calculate the greatest common divisor of k and 63.
7
Let w be (-220)/(-14) + (-2)/(-7). Suppose 3*c = w + 20. Calculate the highest common factor of c and 4.
4
Suppose 0 = -4*i + 2*i + 12. Let y be (-3)/i*0/1. Suppose -j - 34 = -3*m, m - j - 14 = -y*m. What is the greatest common divisor of 30 and m?
10
Suppose -x + 20 = 4*x. Let p = 7 + -2. Suppose p*k = h - 2*h + 30, 4*h = 0. Calculate the highest common divisor of x and k.
2
Suppose 0 = 4*k - 88 - 24. What is the greatest common divisor of 14 and k?
14
Let f(j) = -j**3 - 11*j**2 + 2*j + 8. Let p be f(-12). Suppose -c + p = r, 260 = -2*c + 4*c + 4*r. Calculate the highest common factor of 14 and c.
14
Suppose 3*t = 4*g + 15, -3*g - 13 + 6 = 2*t. Let i be (-1 + -25)/(2 + g). Let m be (-2)/(-9) + 698/18. Calculate the highest common divisor of i and m.
13
Suppose 3*o - 7*o = 2*p - 88, -p = 4*o - 48. Suppose -m = 4*m - p. Calculate the greatest common divisor of 4 and m.
4
Let c(m) = -m**2 + 6*m + 5. Let l be c(4). Suppose 0 = 5*n - 3 + l. Let g be (n - 0) + (-28)/(-2). What is the highest common divisor of 60 and g?
12
Let o(c) = -c**2 - 3*c + 2. Let w be o(-4). Let i be (w/(-4))/((-3)/(-1476)). Suppose -194 = -5*r + i. What is the highest common factor of r and 8?
8
Suppose 8 = -4*b + 188. Calculate the greatest common divisor of b and 9.
9
Let v = -10 - -10. Suppose 0 = -r - m + 120, 4*r + v*r - 2*m = 480. What is the greatest common divisor of 15 and r?
15
Suppose 9 = -4*j + 53. What is the greatest common divisor of j and 77?
11
Let c(n) = -7*n - 5. Let x(f) = 28*f + 21. Let m(o) = -21*c(o) - 5*x(o). Let j be m(5). What is the highest common factor of j and 7?
7
Let m = 47 - 25. Let q = 41 - 8. Calculate the highest common divisor of m and q.
11
Suppose 0*n = 3*n - 3*d - 171, 0 = -n - 5*d + 57. Let i(z) = -3*z - 5. Let k be i(-8). Calculate the greatest common factor of k and n.
19
Suppose -56 = -2*d - p, p + 132 = 4*d - 2*p. Calculate the highest common divisor of d and 150.
30
Let w be (-3)/(-9) - (-7)/(-3). Let r be w/8 - 442/(-8). What is the greatest common divisor of r and 5?
5
Suppose -2*v - 60 = -5*d + 3*v, -3*d - 4*v = -57. Calculate the highest common divisor of 135 and d.
15
Let w be (-2 - -5)*(-8)/(-6). Suppose -3*l + 5*l = -3*m + 179, 5*m = -w*l + 355. What is the greatest common divisor of l and 34?
17
Let c(v) = -4*v + 2. Let r be c(3). Let z be r/(-8) - 2/8. Let g = -2 + 4. What is the greatest common factor of z and g?
1
Suppose -11 = -5*r + 14. Suppose -2*w - 1 = n, -2*n + 9 = -r*n. Calculate the greatest common divisor of w and 9.
1
Let i(c) = -c**3 + 8*c**2 + 11*c + 9. Let z be i(9). Calculate the greatest common factor of 9 and z.
9
Suppose 2*i = m + 258, i + 3*m = -m + 138. What is the highest common factor of 52 and i?
26
Suppose v = -3*v + 8. Let i be (v - 1)/(-1)*6. Let k = i - -17. Calculate the highest common divisor of k and 11.
11
Let i = -29 + 84. Calculate the greatest common divisor of i and 22.
11
Let q = -217 - -370. Calculate the greatest common factor of 17 and q.
17
Let g(c) = -2*c**3 + 21*c**2 + 12*c + 13. Let s be g(11). Calculate the greatest common divisor of 8 and s.
8
Suppose 1 = 3*l - 2. Let b(v) = -v - 8. Let w be b(-9). Calculate the highest common divisor of w and l.
1
Suppose -4*t = k - 651, -91 - 74 = -t - k. Calculate the greatest common factor of 18 and t.
18
Suppose 0 = -4*n + 1 + 39. Let w(k) = 12*k**2 + k + 1. Let j be w(-1). Let v be n/4*j*3. Calculate the highest common divisor of 9 and v.
9
Suppose 2 = -2*m - 2. Let u = m - -5. Let h be (u/(-9))/((-2)/24). What is the highest common factor of 12 and h?
4
Let q(a) = a + 7. Let j be q(-6). What is the highest common factor of 9 and j?
1
Suppose -36 = -2*t - 18. What is the greatest common factor of t and 207?
9
Suppose 3*y - 158 = 115. Calculate the highest common divisor of 13 and y.
13
Suppose 0 = -4*j + 3*j + 11. Calculate the highest common factor of 22 and j.
11
Let k(m) = m**2 - 4*m. Let f(w) = 4*w**2 - 16*w + 1. Let h(g) = 2*f(g) - 9*k(g). Let p be h(4). Calculate the greatest common factor of p and 2.
2
Let l be (-5)/((-1)/(-12)*-2). Let q = -24 - -99. What is the greatest common factor of l and q?
15
Suppose 2*i + 4*k - 62 = 0, 0*i - 3*i + 58 = -k. What is the greatest common factor of i and 7?
7
Suppose -2*h = 3*h - 90. What is the greatest common divisor of h and 162?
18
Let q(a) = a**3 - a**2 - 11. Let f be q(0). Let w = 10 - f. What is the highest common divisor of 231 and w?
21
Let j be ((-4)/2)/((-2)/(-836)). Let z be 0 - (-4)/((-4)/5). Let m be j/(-10) + (-2)/z. Calculate the greatest common factor of m and 12.
12
Suppose z = -2*r + 1, 4*z - 5*r = -10*r + 16. Calculate the highest common divisor of z and 1.
1
Let g(n) = -n**3 - 4 + 6*n - 1 + 0*n**3 - 3*n**2 + 0*n**2. Let d be g(-5). What is the highest common divisor of 120 and d?
15
Suppose 4*c = -d - 0*c + 25, 4*d = 3*c + 5. Let y be (-2)/d*-5*2. What is the greatest common divisor of y and 36?
4
Let f be 8/(-6)*(0 - 3). Suppose -42 - 6 = -f*t. What is the highest common factor of t and 3?
3
Let g = 8 - -17. Suppose -2*h = 3*h - g. Let y(c) = c**2 - 3*c - 3. Let v be y(6). Calculate the highest common divisor of h and v.
5
Let g = 153 - 49. Suppose -3*h - 3 = -2*h. Let x be (-40)/(-3) + 1/h. What is the greatest common factor of g and x?
13
Let h = 464 - 219. What is the greatest common divisor of h and 35?
35
Suppose 3*m = -m + 72. Suppose -5*d = -d. Suppose -4*z + d*a + 188 = 2*a, -3*z + a = -131. Calculate the greatest common divisor of m and z.
9
Suppose -3*r - 3*l = -390, -2*r - 2*r - 2*l + 512 = 0. Calculate the highest common factor of r and 18.
18
Let l be -1*(0 + (-2 - -3)). Let r(d) = -23*d + 1. Let t be r(l). What is the highest common divisor of t and 8?
8
Let s(h) = -2*h - 7 - 5*h + 10*h. Let j be s(6). Calculate the greatest common factor of j and 88.
11
Let d = 22 - 3. Let g = d + -9. Calculate the greatest common divisor of 15 and g.
5
Let c be 4/18 - (-520)/9. What is the greatest common divisor of c and 87?
29
Suppose -2*t + 2*n = -110, 5*n - 19 = t - 86. Let q(x) = x. Let r be q(0). Suppose r = -2*v + 24 + 2. What is the greatest common divisor of v and t?
13
Suppose 0 = 5*u - 11 - 9. Suppose 7*q - 197 = 4*q - 2*h, u*q - 262 = -2*h. What is the highest common divisor of q and 26?
13
Suppose -10*r + 5*r + 120 = 0. Let m = -652 + 1290. Let u = -422 + m. Calculate the greatest common factor of r and u.
24
Suppose 4*x - v = 4*v + 20, 0 = 4*x + 5*v - 20. Calculate the greatest common factor of 45 and x.
5
Let u(c) = 4*c**3 - 2. Let b be u(2). Suppose -7*y = -4*y - b. What is the greatest common factor of y and 10?
10
Let l(w) = w**3 - 10*w**2 + 8*w + 11. Let c be l(9). Suppose c*p = -k + 13, 3*p - 29 = 4*k + 18. What is the greatest common factor of p and 9?
9
Let b = 7 - 4. Suppose -5*t + 547 = b*y, -2*t + 219 = 3*y - 2*y. Let o be (0 + -1)/((-2)/t). What is the highest common factor of 5 and o?
5
Suppose 2*c = -s + 4*c + 1, -s - 3*c + 16 = 0. Let a be (s + -10)/((-1)/25). What is the greatest common factor of 30 and a?
15
Let w be (-3)/(-6) + (-11)/(-2). Calculate the greatest common divisor of 1 and w.
1
Let g(j) be the first deriv